4003703 + -1?
-4003704
In base 15, what is -1 + -cee0?
-cee1
In base 10, what is -8 - 2221?
-2229
In base 10, what is -615 + -29?
-644
In base 13, what is -22 + -34cb?
-3520
In base 4, what is 10120 - 2111002?
-2100222
In base 4, what is -130 - 211332?
-212122
In base 14, what is -2a9d - 38?
-2ad7
In base 15, what is -109c - 106?
-11a3
In base 7, what is -1043 - -15530?
14454
In base 16, what is 2d7 + 31d?
5f4
In base 6, what is -33234033 + -2?
-33234035
In base 16, what is 30f7f - -c?
30f8b
In base 13, what is 5 - c236?
-c231
In base 5, what is -1420 + 10323?
3403
In base 16, what is 14 + -cf0?
-cdc
In base 2, what is 0 + 110101000011010?
110101000011010
In base 14, what is 4 + db05?
db09
In base 13, what is 136 - -391?
4c7
In base 10, what is 5711 - 14?
5697
In base 7, what is -55420 + -5?
-55425
In base 3, what is -2020201121 - 0?
-2020201121
In base 16, what is -69 - -10e?
a5
In base 10, what is -20 - 1632?
-1652
In base 12, what is -1 + 19507?
19506
In base 5, what is 2124 - -23414?
31043
In base 16, what is -1 - 52db?
-52dc
In base 4, what is 2130213120 + 2?
2130213122
In base 15, what is 3 + -1e816?
-1e813
In base 8, what is 34 - -742?
776
In base 4, what is 31211120203 + -10?
31211120133
In base 2, what is 0 + -1101010110111?
-1101010110111
In base 9, what is 80 + 1182?
1272
In base 10, what is -1058 + 102?
-956
In base 6, what is -33 + -325?
-402
In base 15, what is -10 - 9b27?
-9b37
In base 6, what is 0 + -350513?
-350513
In base 7, what is 242110 - 1?
242106
In base 13, what is -1 + 154a9?
154a8
In base 4, what is 32202113 - 3?
32202110
In base 3, what is 10 + 10001122120?
10001122200
In base 15, what is -10b + -b11?
-c1c
In base 6, what is -53255 - 102?
-53401
In base 16, what is 2 - 11958?
-11956
In base 4, what is 330 + 11213?
12203
In base 6, what is 312 + -510?
-154
In base 2, what is -1100010110000100 + 10?
-1100010110000010
In base 14, what is -2113 + -c?
-2121
In base 3, what is 1012121002212 + 1?
1012121002220
In base 8, what is -115447 - 4?
-115453
In base 4, what is -3 - 322?
-331
In base 4, what is 12012 - 1320?
10032
In base 8, what is 1731340 - -5?
1731345
In base 14, what is -10 - 1887?
-1897
In base 3, what is 2001 - 100120?
-21112
In base 7, what is 150 + -206?
-26
In base 4, what is -1202 - 123020?
-130222
In base 8, what is -15562 - -460?
-15102
In base 11, what is 56302 - -19?
56320
In base 13, what is -20b9 - -122?
-1c97
In base 2, what is -101 - 1001101001000011?
-1001101001001000
In base 9, what is 140 - -13500?
13640
In base 16, what is -9f4b + 3?
-9f48
In base 11, what is -341 + -a417?
-a758
In base 9, what is -78 + 3032?
2843
In base 7, what is 1 - -1434062?
1434063
In base 15, what is -744e + -3?
-7452
In base 9, what is -204188 + 1?
-204187
In base 6, what is -4 - 4340?
-4344
In base 3, what is 10211 - 221022?
-210111
In base 14, what is -1c35aa + -4?
-1c35b0
In base 13, what is 574 + -25?
54c
In base 15, what is -2 - -50184?
50182
In base 13, what is -258050 - -5?
-258048
In base 11, what is -14 + 2573?
255a
In base 14, what is 1a593 + -1c?
1a575
In base 9, what is 4 + -7205?
-7201
In base 12, what is 3 + 1072a9?
1072b0
In base 7, what is 0 - -1445054?
1445054
In base 14, what is 636 + -3c9?
24b
In base 4, what is 22 - -22013021?
22013103
In base 2, what is 111011 + -1100000110000?
-1011111110101
In base 8, what is 55 + 3645?
3722
In base 15, what is 2 + 104992?
104994
In base 2, what is 1100100000111100001 + -100?
1100100000111011101
In base 4, what is 1302103 + 32?
1302201
In base 4, what is 10 - 222202?
-222132
In base 16, what is -20 - -73c8?
73a8
In base 12, what is 76 + -1009?
-b53
In base 3, what is 2012011121 - 0?
2012011121
In base 3, what is -20200200 - 101?
-20201001
In base 12, what is -4 + 68241?
68239
In base 9, what is 1088232 - -2?
1088234
In base 8, what is 25 + 22530?
22555
In base 8, what is 6240 - -54?
6314
In base 5, what is -2214 - 111?
-2330
In base 8, what is 10 + 176204?
176214
In base 16, what is 253b5 - 0?
253b5
In base 16, what is -3e470d - 5?
-3e4712
In base 11, what is 411138 - 5?
411133
In base 10, what is -5 + 23627?
23622
In base 16, what is 68 - 655?
-5ed
In base 7, what is 16341 + -44?
16264
In base 15, what is -262e + 2?
-262c
In base 10, what is 4 - 6407?
-6403
In base 13, what is 1 - -2848?
2849
In base 8, what is -1006614 - 0?
-1006614
In base 11, what is 116 - -1018?
1133
In base 7, what is -35360 + -25?
-35415
In base 8, what is -107450 + 12?
-107436
In base 3, what is 2 + 210111122?
210111201
In base 5, what is 1 - -1412244?
1412300
In base 13, what is 1 - 2a288?
-2a287
In base 7, what is 2 - 41664?
-41662
In base 4, what is 311 + -210302330?
-210302013
In base 10, what is 16 + -35227?
-35211
In base 16, what is 1 + 210c?
210d
In base 7, what is 2 - 364354?
-364352
In base 5, what is -13110 - 22?
-13132
In base 3, what is -201 - -111201001?
111200100
In base 8, what is -7573 - -133?
-7440
In base 8, what is 1 + 1632131?
1632132
In base 9, what is 185827 - 17?
185810
In base 15, what is -5a + 6c19?
6bae
In base 9, what is 12436 + 14?
12451
In base 9, what is 143114 - -4?
143118
In base 5, what is 210433 - 10?
210423
In base 2, what is 10 + -11101101001?
-11101100111
In base 15, what is 21 - -d43?
d64
In base 6, what is 214401 + -44?
214313
In base 14, what is c62 - 106?
b5a
In base 12, what is -150 + 4267?
4117
In base 11, what is -89a597 - 1?
-89a598
In base 12, what is 96b - -1863?
2612
In base 15, what is -ee5 - 14?
-1009
In base 6, what is -235 + -2413?
-3052
In base 15, what is 9a - 133b?
-1291
In base 12, what is 2 - -116274?
116276
In base 13, what is -7 + -67044?
-6704b
In base 5, what is -1013 + 34023?
33010
In base 15, what is -172d - c9?
-1807
In base 4, what is 2032 - -1032?
3130
In base 8, what is 0 - -2617431?
2617431
In base 7, what is 24 - 355126?
-355102
In base 13, what is 4 - -5b18?
5b1c
In base 10, what is 255 + 1680?
1935
In base 5, what is -3324212 + 3?
-3324204
In base 9, what is 400 + 38?
438
In base 7, what is -2221464 - -5?
-2221456
In base 10, what is -4 + 27360?
27356
In base 13, what is -69 + 2aa?
241
In base 6, what is -125 - 344440?
-345005
In base 2, what is -1011111 + -10001011011011?
-10001100111010
In base 7, what is -66 - 4146?
-4245
In base 8, what is 7514 + 132?
7646
In base 8, what is -41527 - 1?
-41530
In base 13, what is 754a - 2?
7548
In base 3, what is -1 + 12121020101?
12121020100
In base 15, what is -10b0 - 5?
-10b5
In base 16, what is -7 - -56d?
566
In base 9, what is 850513 - 3?
850510
In base 13, what is -b - 150?
-15b
In base 5, what is 3110341234 - 3?
3110341231
In base 5, what is -2 + 1412204?
1412202
In base 8, what is -320355 + 5?
-320350
In base 6, what is -121151 + 10?
-121141
In base 3, what is 2 - 210002002111?
-210002002102
In base 16, what is 63 + 2513?
2576
In base 4, what is -10 + 1122312322?
1122312312
In base 9, what is 41127 + 4?
41132
In base 11, what is -33553 - 5?
-33558
In base 7, what is 23 + 553443?
553466
In base 5, what is -241042 + -1?
-241043
In base 14, what is 34 - -2a9?
2dd
In base 11, what is -454213 + 12?
-454201
In base 11, what is 998 + 24?
a11
In base 10, what is 6 - -4875?
4881
In base 12, what is 17 + 1737a?
17395
In base 4, what is -102 - 132?
-300
In base 4, what is 1021333313 + -12?
1021333301
In base 16, what is 8f8 + c?
904
In base 5, what is 1043423 - 4?
1043414
In base 16, what is -2de65e - 1?
-2de65f
In base 11, what is -202 - -5554?
5352
In base 9, what is -82274 + -3?
-82277
In base 16, what is 2683 - 6?
267d
In base 15, what is -e0162 + 0?
-e0162
In base 16, what is -b29 + -57?
-b80
In base 11, what is -4147 + 7?
-4140
In base 8, what is 34 - -464?
520
In base 16, what is 3644 - -2a?
366e
In base 6, what is -121222 + -11?
-121233
In base 4, what is -10 - 20023023?
-20023033
In base 14, what is -6 - 122b3?
-122b9
In base 10, what is -82 - 3947?
-4029
In base 5, what is 110 - 11143?
-11033
In base 5, what is 2 - -1143014?
1143021
In base 2, what is 10101110001000 - 10110011?
10101011010101
In base 13, what is 610 + 416?
a26
In base 14, what is -1 + -5b22?
-5b23
In base 14, what is -1 + 50a?
509
In base 9, what is -70 + -14241?
-14321
In base 16, what is -11 + -2a?
-3b
In base 4, what is -10 + -3110211301?
-3110211311
In base 11, what is -61a1 - -1?
-61a0
In base 4, wh